
What is the units digit of 4600008544?
4
What is the hundred thousands digit of 207672983?
6
What is the ten thousands digit of 47593148?
9
What is the ten thousands digit of 59155078?
5
What is the ten millions digit of 109802509?
0
What is the hundred millions digit of 2101713913?
1
What is the tens digit of 19264999?
9
What is the ten thousands digit of 3187227886?
2
What is the ten thousands digit of 46366078?
6
What is the units digit of 2006576528?
8
What is the billions digit of 2765262072?
2
What is the tens digit of 368612886?
8
What is the hundreds digit of 1788795585?
5
What is the units digit of 7043550?
0
What is the ten thousands digit of 74088480?
8
What is the hundred thousands digit of 131571199?
5
What is the hundreds digit of 3397775213?
2
What is the ten millions digit of 3873364841?
7
What is the thousands digit of 156308968?
8
What is the hundred thousands digit of 21426719?
4
What is the ten millions digit of 337186717?
3
What is the hundred millions digit of 204632334?
2
What is the ten thousands digit of 28713705?
1
What is the hundred millions digit of 419590675?
4
What is the hundred millions digit of 1539107610?
5
What is the thousands digit of 105948293?
8
What is the thousands digit of 122152126?
2
What is the ten thousands digit of 88084014?
8
What is the thousands digit of 2671911214?
1
What is the thousands digit of 41274358?
4
What is the thousands digit of 6601484?
1
What is the thousands digit of 35221972?
1
What is the thousands digit of 1213668155?
8
What is the hundred thousands digit of 162606495?
6
What is the hundred thousands digit of 71450103?
4
What is the millions digit of 162071935?
2
What is the hundred thousands digit of 203207058?
2
What is the ten thousands digit of 62010506?
1
What is the units digit of 3601888483?
3
What is the hundred millions digit of 2014705719?
0
What is the ten thousands digit of 100744451?
4
What is the ten thousands digit of 27849909?
4
What is the ten thousands digit of 38199100?
9
What is the units digit of 117978230?
0
What is the millions digit of 32944278?
2
What is the hundreds digit of 50474842?
8
What is the units digit of 462780294?
4
What is the units digit of 302606263?
3
What is the units digit of 957419859?
9
What is the thousands digit of 60853684?
3
What is the thousands digit of 16759410?
9
What is the hundreds digit of 1054673282?
2
What is the units digit of 119028376?
6
What is the units digit of 144631943?
3
What is the tens digit of 7862330463?
6
What is the hundred thousands digit of 5614966231?
9
What is the hundred millions digit of 501682750?
5
What is the ten thousands digit of 15975045?
7
What is the tens digit of 50453289?
8
What is the hundred millions digit of 298842202?
2
What is the ten millions digit of 175537023?
7
What is the hundred millions digit of 339296202?
3
What is the hundred thousands digit of 27161154?
1
What is the units digit of 18791079?
9
What is the thousands digit of 544647227?
7
What is the thousands digit of 283188035?
8
What is the hundred millions digit of 178976710?
1
What is the thousands digit of 62179993?
9
What is the ten millions digit of 209100487?
0
What is the ten millions digit of 48519196?
4
What is the tens digit of 206153111?
1
What is the millions digit of 839926009?
9
What is the millions digit of 150689976?
0
What is the hundreds digit of 6635761586?
5
What is the tens digit of 63941461?
6
What is the units digit of 1399214842?
2
What is the hundred millions digit of 588860634?
5
What is the hundred millions digit of 134297632?
1
What is the ten millions digit of 1040450127?
4
What is the millions digit of 330989247?
0
What is the millions digit of 37958223?
7
What is the thousands digit of 799395167?
5
What is the hundred thousands digit of 195864017?
8
What is the tens digit of 145122732?
3
What is the hundreds digit of 714261247?
2
What is the hundreds digit of 5466745082?
0
What is the hundreds digit of 3727626200?
2
What is the ten millions digit of 315544125?
1
What is the ten millions digit of 15109074?
1
What is the hundred thousands digit of 200025244?
0
What is the hundred millions digit of 582742313?
5
What is the units digit of 266577479?
9
What is the hundred thousands digit of 253301978?
3
What is the ten millions digit of 618475781?
1
What is the hundred thousands digit of 53365189?
3
What is the thousands digit of 494338383?
8
What is the tens digit of 160798771?
7
What is the units digit of 3587985589?
9
What is the hundreds digit of 283344661?
6
What is the ten thousands digit of 4089704?
8
What is the ten millions digit of 839152746?
3
What is the units digit of 4079995?
5
What is the millions digit of 381963518?
1
What is the hundred millions digit of 991559250?
9
What is the ten thousands digit of 1086373361?
7
What is the ten thousands digit of 21299952?
9
What is the hundred thousands digit of 79581830?
5
What is the hundred thousands digit of 114097072?
0
What is the units digit of 2041678862?
2
What is the tens digit of 2971083160?
6
What is the ten millions digit of 239343307?
3
What is the thousands digit of 17588932?
8
What is the ten thousands digit of 51023343?
2
What is the hundred millions digit of 4920476472?
9
What is the hundred thousands digit of 25217394?
2
What is the thousands digit of 21251092?
1
What is the ten thousands digit of 186064321?
6
What is the ten millions digit of 48576256?
4
What is the thousands digit of 38051862?
1
What is the thousands digit of 551004709?
4
What is the hundred thousands digit of 4571339?
5
What is the hundred thousands digit of 37983476?
9
What is the hundred millions digit of 3386643563?
3
What is the thousands digit of 473449424?
9
What is the thousands digit of 5430838932?
8
What is the billions digit of 1680449761?
1
What is the thousands digit of 21091000?
1
What is the ten thousands digit of 81828257?
2
What is the ten thousands digit of 1273388234?
8
What is the units digit of 9440124?
4
What is the ten millions digit of 59135972?
5
What is the tens digit of 264918227?
2
What is the hundreds digit of 2500546072?
0
What is the hundreds digit of 6141816504?
5
What is the tens digit of 76544597?
9
What is the ten millions digit of 7674593636?
7
What is the millions digit of 132745781?
2
What is the hundred thousands digit of 3060995169?
9
What is the thousands digit of 26662755?
2
What is the ten thousands digit of 119438241?
3
What is the units digit of 138146902?
2
What is the ten millions digit of 369232733?
6
What is the millions digit of 56266140?
6
What is the millions digit of 585643648?
5
What is the ten millions digit of 78318353?
7
What is the ten millions digit of 1876080528?
7
What is the ten millions digit of 717527285?
1
What is the units digit of 56734388?
8
What is the millions digit of 2651859582?
1
What is the tens digit of 36011817?
1
What is the units digit of 3160857214?
4
What is the hundreds digit of 45087624?
6
What is the hundreds digit of 605021672?
6
What is the billions digit of 2945774229?
2
What is the hundreds digit of 925300284?
2
What is the hundred thousands digit of 12733430?
7
What is the ten thousands digit of 305444840?
4
What is the hundreds digit of 120551835?
8
What is the units digit of 53690562?
2
What is the millions digit of 627135816?
7
What is the thousands digit of 628338153?
8
What is the units digit of 363554005?
5
What is the ten millions digit of 407558139?
0
What is the units digit of 146819603?
3
What is the thousands digit of 272024?
2
What is the units digit of 38594330?
0
What is the hundred millions digit of 345798342?
3
What is the millions digit of 228454767?
8
What is the ten millions digit of 643324375?
4
What is the tens digit of 317927248?
4
What is the tens digit of 248931226?
2
What is the thousands digit of 5971795?
1
What is the hundreds digit of 170674510?
5
What is the tens digit of 81667338?
3
What is the thousands digit of 238347029?
7
What is the ten thousands digit of 99976866?
7
What is the hundred thousands digit of 69445666?
4
What is the millions digit of 41709657?
1
What is the ten thousands digit of 66059202?
5
What is the units digit of 76754245?
5
What is the tens digit of 248144927?
2
What is the ten millions digit of 88831750?
8
What